{"id":6586,"date":"2026-01-30T14:50:22","date_gmt":"2026-01-30T13:50:22","guid":{"rendered":"https:\/\/thegergely.com\/?post_type=product&#038;p=6586"},"modified":"2026-07-28T06:04:30","modified_gmt":"2026-07-28T04:04:30","slug":"modele-de-registre-des-taches-quotidien-mensuel","status":"publish","type":"product","link":"https:\/\/thegergely.com\/fr\/product\/munkaido-nyilvantarto-sablon-napi-havi\/","title":{"rendered":"Mod\u00e8le de suivi du temps de travail + r\u00e9capitulatif journalier\/mensuel"},"content":{"rendered":"<p class=\"p1\"><b>\u00c0 quoi bon ?<\/b><b><\/b><\/p>\n<p class=\"p2\">Enregistrement du temps de travail et r\u00e9capitulatif mensuel sans calcul manuel.<\/p>\n<p class=\"p1\"><b>\u00c0 qui est-ce destin\u00e9 ?<\/b><b><\/b><\/p>\n<p class=\"p2\">\u2013 aux petites entreprises<\/p>\n<p class=\"p2\">\u2013 aux responsables de magasin<\/p>\n<p class=\"p2\">\u00e0 l'administration<\/p>\n<p class=\"p1\"><b>\u00c0 qui ce n'est pas destin\u00e9 ?<\/b><b><\/b><\/p>\n<p class=\"p2\">\u2013 pour ceux qui recherchent un syst\u00e8me de paie<\/p>\n<p class=\"p2\">\u2013 pour les entreprises qui travaillent par \u00e9quipes, trop compliqu\u00e9es<\/p>\n<p class=\"p1\"><b>Qu'est-ce que tu peux en d\u00e9cider ?<\/b><b><\/b><\/p>\n<p class=\"p2\">\u2013 combien de temps a-t-il travaill\u00e9<\/p>\n<p class=\"p2\">\u2013 combien d\u2019heures de travail totales par mois<\/p>\n<h3><b>Syst\u00e8me \u00e9volutif \u2013 selon les besoins<\/b><\/h3>\n<p class=\"p3\">Ce mod\u00e8le de suivi du temps de travail <span class=\"s2\"><b>extensible et personnalisable<\/b><\/span>.<\/p>\n<p class=\"p3\">Sur demande, le syst\u00e8me peut \u00eatre compl\u00e9t\u00e9 par exemple :<\/p>\n<p class=\"p3\">\u2013 calcul des heures suppl\u00e9mentaires et des indemnit\u00e9s<\/p>\n<p class=\"p3\">\u2013 gestion des horaires par \u00e9quipes<\/p>\n<p class=\"p3\">\u2013 avec des rapports individuels<\/p>\n<p class=\"p3\">\u2013 avec des fonctions sp\u00e9cifiques \u00e0 l'entreprise<\/p>\n<p class=\"p4\"><b>En cas de besoins d'extension sp\u00e9cifiques, nous fournissons une offre s\u00e9par\u00e9e.<\/b><\/p>","protected":false},"excerpt":{"rendered":"<h5><b>Qu'obtenez-vous avec ce syst\u00e8me efficace de suivi du temps de travail ?<\/b><\/h5>\n<p class=\"p4\"><span class=\"s2\">\u00c9gypte <\/span><b>Mod\u00e8le de feuille de temps bas\u00e9 sur Google Sheets<\/b><span class=\"s2\">, qui une <\/span><b>en tant que syst\u00e8me automatis\u00e9 simple d'utilisation<\/b><span class=\"s2\"> cela fonctionne et permet de g\u00e9rer le temps de travail des employ\u00e9s de mani\u00e8re transparente.<\/span><\/p>\n<p class=\"p4\"><span class=\"s2\">Un sablon <\/span><b>compter automatiquement<\/b><span class=\"s2\">:<\/span><\/p>\n<p class=\"p4\"><span class=\"s2\">\u2013 un <\/span><b>heures suppl\u00e9mentaires travaill\u00e9es<\/b><b><\/b><\/p>\n<p class=\"p4\"><span class=\"s2\">\u2013 un <\/span><b>R\u00e9sum\u00e9 du temps de travail par employ\u00e9<\/b><b><\/b><\/p>\n<p class=\"p4\"><span class=\"s2\">\u2013 un <\/span><b>volume mensuel d'heures de travail<\/b><b><\/b><\/p>\n<p class=\"p4\">Tout cela <span class=\"s3\"><b>sans compter<\/b><\/span>, dans une table unique.<\/p>","protected":false},"featured_media":6587,"comment_status":"open","ping_status":"closed","template":"","meta":[],"product_brand":[],"product_cat":[62],"product_tag":[79],"class_list":["post-6586","product","type-product","status-publish","has-post-thumbnail","product_cat-uncategorized","product_tag-google-sheet","first","instock","sale","downloadable","virtual","purchasable","product-type-simple"],"_links":{"self":[{"href":"https:\/\/thegergely.com\/fr\/wp-json\/wp\/v2\/product\/6586","targetHints":{"allow":["GET"]}}],"collection":[{"href":"https:\/\/thegergely.com\/fr\/wp-json\/wp\/v2\/product"}],"about":[{"href":"https:\/\/thegergely.com\/fr\/wp-json\/wp\/v2\/types\/product"}],"replies":[{"embeddable":true,"href":"https:\/\/thegergely.com\/fr\/wp-json\/wp\/v2\/comments?post=6586"}],"wp:featuredmedia":[{"embeddable":true,"href":"https:\/\/thegergely.com\/fr\/wp-json\/wp\/v2\/media\/6587"}],"wp:attachment":[{"href":"https:\/\/thegergely.com\/fr\/wp-json\/wp\/v2\/media?parent=6586"}],"wp:term":[{"taxonomy":"product_brand","embeddable":true,"href":"https:\/\/thegergely.com\/fr\/wp-json\/wp\/v2\/product_brand?post=6586"},{"taxonomy":"product_cat","embeddable":true,"href":"https:\/\/thegergely.com\/fr\/wp-json\/wp\/v2\/product_cat?post=6586"},{"taxonomy":"product_tag","embeddable":true,"href":"https:\/\/thegergely.com\/fr\/wp-json\/wp\/v2\/product_tag?post=6586"}],"curies":[{"name":"wp","href":"https:\/\/api.w.org\/{rel}","templated":true}]}}

Modèle de suivi du temps de travail + récapitulatif journalier/mensuel

<p class="p1"><b>À quoi bon ?</b><b></b></p>
<p class="p2">Enregistrement du temps de travail et récapitulatif mensuel sans calcul manuel.</p>
<p class="p1"><b>À qui est-ce destiné ?</b><b></b></p>
<p class="p2">– aux petites entreprises</p>
<p class="p2">– aux responsables de magasin</p>
<p class="p2">à l'administration</p>
<p class="p1"><b>À qui ce n'est pas destiné ?</b><b></b></p>
<p class="p2">– pour ceux qui recherchent un système de paie</p>
<p class="p2">– pour les entreprises qui travaillent par équipes, trop compliquées</p>
<p class="p1"><b>Qu'est-ce que tu peux en décider ?</b><b></b></p>
<p class="p2">– combien de temps a-t-il travaillé</p>
<p class="p2">– combien d’heures de travail totales par mois</p>
<h3><b>Système évolutif – selon les besoins</b></h3>
<p class="p3">Ce modèle de suivi du temps de travail <span class="s2"><b>extensible et personnalisable</b></span>.</p>
<p class="p3">Sur demande, le système peut être complété par exemple :</p>
<p class="p3">– calcul des heures supplémentaires et des indemnités</p>
<p class="p3">– gestion des horaires par équipes</p>
<p class="p3">– avec des rapports individuels</p>
<p class="p3">– avec des fonctions spécifiques à l'entreprise</p>
<p class="p4"><b>En cas de besoins d'extension spécifiques, nous fournissons une offre séparée.</b></p>

<h5><b>Qu'obtenez-vous avec ce système efficace de suivi du temps de travail ?</b></h5>
<p class="p4"><span class="s2">Égypte </span><b>Modèle de feuille de temps basé sur Google Sheets</b><span class="s2">, qui une </span><b>en tant que système automatisé simple d'utilisation</b><span class="s2"> cela fonctionne et permet de gérer le temps de travail des employés de manière transparente.</span></p>
<p class="p4"><span class="s2">Un sablon </span><b>compter automatiquement</b><span class="s2">:</span></p>
<p class="p4"><span class="s2">– un </span><b>heures supplémentaires travaillées</b><b></b></p>
<p class="p4"><span class="s2">– un </span><b>Résumé du temps de travail par employé</b><b></b></p>
<p class="p4"><span class="s2">– un </span><b>volume mensuel d'heures de travail</b><b></b></p>
<p class="p4">Tout cela <span class="s3"><b>sans compter</b></span>, dans une table unique.</p>
